(base 8) to base 12.
98
-11 (base 4) to base 2
-101
Convert 2a (base 12) to base 10.
34
Convert -423 (base 5) to base 10.
-113
Convert 164 (base 11) to base 8.
277
What is 24 (base 8) in base 5?
40
Convert -136 (base 8) to base 9.
-114
107 (base 9) to base 11
80
What is 12 (base 3) in base 8?
5
Convert -4 (base 11) to base 13.
-4
Convert -123 (base 11) to base 9.
-172
-2 (base 15) to base 12
-2
Convert -101 (base 2) to base 9.
-5
110110 (base 2) to base 10
54
1 (base 2) to base 7
1
160 (base 14) to base 9
341
What is -1 (base 15) in base 8?
-1
Convert 10 (base 2) to base 8.
2
Convert 3 (base 11) to base 4.
3
Convert 19 (base 11) to base 12.
18
What is -11 (base 2) in base 14?
-3
Convert 332 (base 6) to base 9.
152
What is 55 (base 7) in base 13?
31
Convert 111 (base 7) to base 9.
63
142 (base 8) to base 2
1100010
Convert 4 (base 11) to base 4.
10
Convert -20101 (base 3) to base 14.
-c4
Convert -7 (base 14) to base 15.
-7
0 (base 9) to base 5
0
What is 2 (base 16) in base 11?
2
What is 0 (base 6) in base 12?
0
-2 (base 16) to base 9
-2
55 (base 11) to base 12
50
Convert -1 (base 14) to base 10.
-1
Convert 9 (base 12) to base 2.
1001
-16a (base 13) to base 11
-214
What is -2 (base 15) in base 12?
-2
Convert 110 (base 3) to base 4.
30
200 (base 6) to base 9
80
What is 19 (base 15) in base 4?
120
-1321 (base 5) to base 14
-111
What is 7 (base 12) in base 9?
7
Convert -1211 (base 3) to base 5.
-144
Convert 365 (base 8) to base 10.
245
What is 141 (base 7) in base 6?
210
Convert -342 (base 7) to base 10.
-177
What is -17 (base 16) in base 4?
-113
Convert -30 (base 6) to base 8.
-22
Convert -b (base 16) to base 12.
-b
Convert -3002 (base 4) to base 11.
-167
41 (base 12) to base 3
1211
Convert 1 (base 7) to base 13.
1
Convert -2331 (base 4) to base 15.
-c9
What is -110 (base 2) in base 11?
-6
-119 (base 14) to base 3
-22010
Convert -11 (base 10) to base 3.
-102
Convert 1 (base 4) to base 6.
1
Convert 22 (base 4) to base 2.
1010
What is 0 (base 2) in base 8?
0
-9 (base 12) to base 2
-1001
Convert 5 (base 11) to base 6.
5
What is 1 (base 3) in base 10?
1
What is -43 (base 7) in base 12?
-27
What is 1 (base 2) in base 15?
1
-45 (base 11) to base 7
-100
-a6 (base 14) to base 10
-146
What is 11 (base 4) in base 3?
12
Convert 4 (base 6) to base 16.
4
Convert -12 (base 14) to base 7.
-22
Convert -3 (base 13) to base 7.
-3
What is 0 (base 15) in base 9?
0
-11 (base 7) to base 5
-13
What is -5 (base 11) in base 12?
-5
1 (base 15) to base 10
1
Convert -103 (base 10) to base 11.
-94
What is -1 (base 13) in base 12?
-1
Convert 211 (base 3) to base 11.
20
-2 (base 13) to base 11
-2
What is -311 (base 8) in base 11?
-173
Convert 11001 (base 2) to base 15.
1a
Convert 155 (base 8) to base 11.
9a
What is 117 (base 8) in base 6?
211
What is 2 (base 5) in base 3?
2
Convert 35 (base 8) to base 5.
104
What is 2 (base 11) in base 3?
2
What is -1 (base 10) in base 15?
-1
Convert 10 (base 14) to base 16.
e
What is 31 (base 9) in base 16?
1c
-8 (base 10) to base 12
-8
4 (base 14) to base 16
4
What is 20222 (base 3) in base 10?
188
What is -22 (base 3) in base 9?
-8
-65 (base 16) to base 2
-1100101
What is -4 (base 14) in base 12?
-4
233 (base 4) to base 9
52
-3 (base 9) to base 13
-3
What is -63 (base 10) in base 14?
-47
What is 10101100 (base 2) in base 5?
1142
What is 26 (base 8) in base 5?
42
1210 (base 3) to base 5
143
What is 11 (base 6) in base 10?
7
Convert 1 (base 15) to base 12.
1
Convert -3 (base 8) to base 14.
-3
Convert 14 (base 11) to base 10.
15
Convert -131 (base 5) to base 4.
-221
Convert -2 (base 8) to base 3.
-2
What is 0 (base 16) in base 7?
0
Convert -7 (base 16) to base 10.
-7
-1d (base 14) to base 5
-102
-3 (base 10) to base 8
-3
What is 44 (base 7) in base 5?
112
Convert 17 (base 11) to base 3.
200
What is -47 (base 10) in base 5?
-142
What is -126 (base 12) in base 8?
-256
Convert -1b5 (base 13) to base 6.
-1245
What is b (base 16) in base 14?
b
Convert 2 (base 3) to base 11.
2
-1 (base 16) to base 3
-1
Convert 5 (base 10) to base 6.
5
-283 (base 10) to base 12
-1b7
Convert 1120 (base 4) to base 3.
10021
What is 1 (base 6) in base 12?
1
What is 0 (base 5) in base 12?
0
What is -63 (base 7) in base 2?
-101101
-2d (base 15) to base 2
-101011
What is 36 (base 12) in base 15?
2c
Convert -1332 (base 5) to base 2.
-11011001
Convert 0 (base 4) to base 11.
0
-10 (base 4) to base 16
-4
Convert -102122 (base 3) to base 10.
-314
Convert -25 (base 6) to base 3.
-122
Convert 5 (base 10) to base 12.
5
What is 1 (base 9) in base 10?
1
Convert -3 (base 15) to base 12.
-3
What is -29 (base 16) in base 8?
-51
-4 (base 6) to base 9
-4
What is 2232 (base 4) in base 6?
450
What is -9c (base 16) in base 15?
-a6
What is -4 (base 5) in base 11?
-4
What is 30 (base 7) in base 10?
21
Convert -23 (base 8) to base 6.
-31
What is 1 (base 7) in base 10?
1
Convert -2 (base 8) to base 14.
-2
Convert -23 (base 6) to base 15.
-10
13 (base 12) to base 4
33
What is -4 (base 15) in base 12?
-4
What is 11 (base 10) in base 15?
b
19 (base 11) to base 4
110
What is -1100 (base 2) in base 8?
-14
-222 (base 3) to base 2
-11010
What is -13 (base 6) in base 14?
-9
Convert 21 (base 7) to base 12.
13
What is -4 (base 9) in base 4?
-10
What is 21 (base 3) in base 16?
7
What is 111 (base 3) in base 12?
11
Convert -23 (base 14) to base 6.
-51
What is 26 (base 13) in base 16?
20
Convert -1a (base 16) to base 13.
-20
Convert -a (base 14) to base 13.
-a
-224 (base 7) to base 9
-138
What is -111 (base 11) in base 15?
-8d
0 (base 9) to base 6
0
Convert 6 (base 7) to base 9.
6
What is 4 (base 10) in base 15?
4
What is -216 (base 12) in base 14?
-17c
What is -3 (base 9) in base 6?
-3
What is -2 (base 14) in base 12?
-2
-1001 (base 5) to base 10
-126
100 (base 7) to base 11
45
2 (base 11) to base 2
10
131 (base 5) to base 4
221
What is -16 (base 8) in base 11?
-13
4a (base 14) to base 4
1002
What is 4 (base 5) in base 11?
4
40 (base 9) to base 15
26
What is -11 (base 2) in base 11?
-3
11 (base 9) to base 3
101
8 (base 11) to base 6
12
-10 (base 2) to base 16
-2
Convert 8 (base 16) to base 9.
8
232 (base 10) to base 6
1024
Convert 0 (base 6) to base 9.
0
-50 (base 7) to base 15
-25
Convert -3 (base 14) to base 2.
-11
-70 (base 14) to base 13
-77
What is -37 (base 8) in base 3?
-1011
Convert 10122 (base 4) to base 6.
1150
Convert 10001110 (base 2) to base 7.
262
Convert -3 (base 11) to base 10.
-3
What is 6b (base 12) in base 10?
83
74 (base 9) to base 7
124
Convert 132 (base 6) to base 4.
320
What is -10020 (base 3) in base 16?
-57
What is -121 (base 14) in base 10?
-225
Convert 9 (base 14) to base 8.
11
5 (base 15) to base 16
5
Convert 4 (base 7) to base 6.
4
Convert 17d (base 16) to base 7.
1053
Convert -1 (base 13) to base 9.
-1
What is 27 (base 13) in base 7?
45
What is 17 (base 14) in base 3?
210
-33 (base 7) to base 4
-120
What is -307 (base 8) in base 12?
-147
-2 (base 3) to base 16
-2
Convert -211 (base 5) to base 3.
-2002
What is -30 (base 6) in base 15?
-13
Convert 10 (base 6) to base 10.
6
What is -277 (base 10) in base 16?
-115
What is 11 (base 3) in base 6?
4
What is 20 (base 6) in base 16?
c
-3 (base 15) to base 14
-3
Convert 6 (base 16) to base 10.
6
1 (base 14) to base 5
1
What is -21 (base 3) in base 6?
-11
Convert 1 (base 7) to base 5.
1
What is -2 (base 8) in base 13?
-2
Convert 11001000 (base 2) to base 4.
3020
Convert -23 (base 9) to base 10.
-21
Convert 1 (base 15) to base 14.
1
What is -2 (base 11) in base 3?
-2
-9c (base 14) to base 7
-255
What is 22 (base 10) in base 2?
10110
352 (base 6) to base 13
aa
What is -3 (base 11) in base 5?
-3
Convert -4 (base 9) to base 2.
-100
Convert 35 (base 12) to base 3.
1112
Convert 21200 (base 3) to base 4.
3033
-1d (base 14) to base 11
-25
What is 111 (base 3) in base 11?
12
-1 (base 3) to base 15
-1
Convert -5 (base 7) to base 4.
-11
10 (base 8) to base 10
8
What is 10000 (base 3) in base 11?
74
11 (base 14) to base 4
33
What is 1 (base 6) in base 11?
1
-d (base 16) to base 13
-10
What is 101 (base 8) in base 10?
65
What is 6 (base 16) in base 4?
12
1110 (base 3) to base 10
39
Convert b3 (base 12) to base 9.
160
What is -6 (base 12) in base 6?
-10
Convert -110001 (base 2) to base 16.
-31
What is 2 (base 13) in base 3?
2
Convert 62 (base 9) to 